{"id":950,"date":"2018-06-28T16:38:32","date_gmt":"2018-06-28T19:38:32","guid":{"rendered":"https:\/\/ens11-caba.infd.edu.ar\/sitio\/compartiendo-experiencias\/"},"modified":"2018-07-10T14:37:40","modified_gmt":"2018-07-10T17:37:40","slug":"compartiendo-experiencias","status":"publish","type":"page","link":"https:\/\/ens11-caba.infd.edu.ar\/sitio\/compartiendo-experiencias\/","title":{"rendered":"Compartiendo experiencias 2017"},"content":{"rendered":"<p style=\"text-align: center;\"><strong>5to. Encuentro: \u201cCOMPARTIENDO EXPERIENCIAS\u201d<\/strong><\/p>\n<p style=\"text-align: center;\"><strong>1\u00b0 C &#8211; 2017<\/strong><\/p>\n<p><strong><span style=\"text-decoration: underline;\">Organizaron:<\/span><\/strong><\/p>\n<ul>\n<li><strong><em>Coordinadora del Campo Pr\u00e1cticas PEI, Prof. Jacky Curbelo Marrocco\u00a0 y <\/em><\/strong><\/li>\n<li><strong><em>\u00a0Equipo de Profesoras del Campo.<\/em><\/strong><\/li>\n<\/ul>\n<p><em>\u00a0<\/em> <iframe loading=\"lazy\" style=\"display: block; margin-left: auto; margin-right: auto;\" src=\"http:\/\/slide.ly\/gallery\/embed\/88bd2ed54def7998e078186d3ef5c4aa\/audio\/1\" width=\"520\" height=\"292\" frameborder=\"0\" scrolling=\"no\" allowfullscreen=\"allowfullscreen\"><\/iframe><\/p>\n<p><em>Y as\u00ed nuevamente el d\u00eda 27 de junio de 18.30 a 20.30, en el Aula 3, realizamos nuestro 5to.encuentro para compartir las experiencias de pr\u00e1ctica de alumnas. Fundamental para conocer los encuadres de los Talleres y sus experiencias.<\/em><\/p>\n<p><em>Cada vez con m\u00e1s gente que comparte este momento junto a las profesoras que conformamos el Equipo de Campo de Pr\u00e1cticas PEI.<\/em><\/p>\n<p><em>Se sumaron profesores y profesoras Asesoras y de Did\u00e1ctica. Les damos siempre la bienvenida al Compartiendo.<\/em><\/p>\n<p><em>Contamos con la Lic. Fernanda Ferrari como Moderadora del encuentro.<\/em><\/p>\n<p><em>Gracias a tod@s qui\u00e9nes hacen posibles estos encuentros.<\/em><\/p>\n<p><em>\u00a0<\/em><\/p>\n<p style=\"text-align: right;\"><em>Prof.Jacky Curbelo Marrocco<\/em><\/p>\n<p style=\"text-align: right;\"><em>Coord. Campo Pr\u00e1cticas PEI<\/em><\/p>\n<p>Cronograma<\/p>\n<p>1- <strong><em>APERTURA A CARGO DE <\/em><\/strong><em>Prof. Coordinadora Pr\u00e1cticas PEI- Jacky Curbelo<\/em> \u2013<\/p>\n<p><strong>\u00a0<\/strong><\/p>\n<p><strong>2- <em>EXPERIENCIAS A COMPARTIR- <\/em><\/strong><\/p>\n<p style=\"padding-left: 30px;\"><span style=\"font-size: 8pt;\"><strong><em><span style=\"text-decoration: underline;\">TALLER 2<\/span><\/em><\/strong><strong><em>&#8211; Prof. Fernanda Ferrari<\/em><\/strong><\/span><\/p>\n<p style=\"padding-left: 30px;\"><span style=\"font-size: 8pt;\">Las alumnas presentar\u00e1n en la modalidad AFICHE su experiencia en el Taller 2.<\/span><\/p>\n<p style=\"padding-left: 30px;\"><span style=\"font-size: 8pt;\">T\u00edtulo:<strong> \u201cSon presupuestos y resignificaciones en relaci\u00f3n con la Experiencia del Taller 2\u201d<\/strong><\/span><\/p>\n<p style=\"padding-left: 30px;\"><span style=\"font-size: 8pt;\"><strong>Alumnas: <\/strong>Natalia Mutilva, Sara \u00c1vila, Natalia Ben\u00edtez y Mar\u00eda Mu\u00f1oz.<\/span><\/p>\n<p style=\"padding-left: 30px;\"><span style=\"font-size: 8pt;\"><strong><em><span style=\"text-decoration: underline;\">\u00a0<\/span><\/em><\/strong><\/span><\/p>\n<p style=\"padding-left: 30px;\"><span style=\"font-size: 8pt;\"><strong><em><span style=\"text-decoration: underline;\">TALLER 3<\/span><\/em><\/strong>&#8211; <strong><em>Profs. Patricia Gura y Delia L\u00f3pez<\/em><\/strong><\/span><\/p>\n<p style=\"padding-left: 30px;\"><span style=\"font-size: 8pt;\">La alumna compartir\u00e1 su experiencia a trav\u00e9s de un Power Point.<\/span><\/p>\n<p style=\"padding-left: 30px;\"><span style=\"font-size: 8pt;\">T\u00edtulo:<strong> \u201cSecuencia L\u00fadica\u201d- Eje: \u201cExploraci\u00f3n Visual- Pl\u00e1stica\u201d<\/strong><\/span><\/p>\n<p style=\"padding-left: 30px;\"><span style=\"font-size: 8pt;\"><strong>Alumna<\/strong>: Florencia Guti\u00e9rrez Maldonado<\/span><\/p>\n<p style=\"padding-left: 30px;\"><span style=\"font-size: 8pt;\"><strong>Sala<\/strong>: Deambuladores <strong>Instituci\u00f3n: <\/strong>EI 8 DE 4\u00ba<\/span><\/p>\n<p style=\"padding-left: 30px;\"><span style=\"font-size: 8pt;\"><strong><em><span style=\"text-decoration: underline;\">\u00a0<\/span><\/em><\/strong><\/span><\/p>\n<p style=\"padding-left: 30px;\"><span style=\"font-size: 8pt;\"><strong><em><span style=\"text-decoration: underline;\">TALLER 4<\/span><\/em><\/strong>&#8211; <strong><em>Prof. Josefina Ramos<\/em><\/strong><\/span><\/p>\n<p style=\"padding-left: 30px;\"><span style=\"font-size: 8pt;\">Dos grupos contar\u00e1n sus Experiencias y una alumna contar\u00e1 un Breve Resumen de la trayectoria por este Taller 4.<\/span><\/p>\n<p style=\"padding-left: 30px;\"><span style=\"font-size: 8pt;\">Todas las pr\u00e1cticas se realizaron en: <strong>Instituci\u00f3n:<\/strong> JIN C D.E N\u00b06<\/span><\/p>\n<p style=\"padding-left: 30px;\"><span style=\"font-size: 8pt;\">\u00a0<\/span><\/p>\n<p style=\"padding-left: 30px;\"><span style=\"font-size: 8pt;\"><strong>PRIMERA EXPERIENCIA- <\/strong><\/span><\/p>\n<p style=\"padding-left: 30px;\"><span style=\"font-size: 8pt;\"><strong>T\u00edtulo<\/strong>: \u201c<span style=\"text-decoration: underline;\">Corriendo contra el tiempo\u201d\u00a0 <\/span><\/span><\/p>\n<p style=\"padding-left: 30px;\"><span style=\"font-size: 8pt;\"><strong>Alumnas:<\/strong> Lizet Mayorga &#8211; Maricel Mamani<\/span><\/p>\n<p style=\"padding-left: 30px;\"><span style=\"font-size: 8pt;\"><strong>Sala: <\/strong>Amarilla\u00a0 <strong>Edad: <\/strong>4 a\u00f1os<\/span><\/p>\n<p style=\"padding-left: 30px;\"><span style=\"font-size: 8pt;\">\u00a0<\/span><\/p>\n<p style=\"padding-left: 30px;\"><span style=\"font-size: 8pt;\"><strong>SEGUNDA EXPERIENCIA- <\/strong><\/span><\/p>\n<p style=\"padding-left: 30px;\"><span style=\"font-size: 8pt;\">T\u00edtulo<strong>:<\/strong> <strong>\u201cNo es dif\u00edcil crear un Museo para ni\u00f1as y ni\u00f1os\u201d<\/strong><\/span><\/p>\n<p style=\"padding-left: 30px;\"><span style=\"font-size: 8pt;\"><strong>Alumnas: <\/strong>Lescano Marilyn &#8211; Mart\u00ednez Yolanda<\/span><\/p>\n<p style=\"padding-left: 30px;\"><span style=\"font-size: 8pt;\"><strong>Sala<span style=\"text-decoration: underline;\">: <\/span><\/strong>Azul<strong> (<\/strong>3 a\u00f1os)<strong>\u00a0 <\/strong><\/span><\/p>\n<p style=\"padding-left: 30px;\"><span style=\"font-size: 8pt;\"><strong>\u00a0<\/strong><\/span><\/p>\n<p style=\"padding-left: 30px;\"><span style=\"font-size: 8pt;\"><strong>TERCERA EXPERIENCIA: <\/strong><\/span><\/p>\n<p style=\"padding-left: 30px;\"><span style=\"font-size: 8pt;\">T\u00edtulo:<strong> \u201cVenciendo al Tiempo\u201d- Resumen de Trayectoria de este Taller 4.<\/strong><\/span><\/p>\n<p style=\"padding-left: 30px;\"><span style=\"font-size: 8pt;\"><strong>Alumnas<\/strong>: Mar\u00eda Matrovak y Camila Pizzolitto<\/span><\/p>\n<p style=\"padding-left: 30px;\"><span style=\"font-size: 8pt;\"><strong><span style=\"text-decoration: underline;\">\u00a0<\/span><\/strong><\/span><\/p>\n<p style=\"padding-left: 30px;\"><span style=\"font-size: 8pt;\"><strong><em><span style=\"text-decoration: underline;\">TALLER 4<\/span><\/em><\/strong><strong><span style=\"text-decoration: underline;\">:<\/span><\/strong><strong>Prof. Silvana Perez<\/strong><\/span><\/p>\n<p style=\"padding-left: 30px;\"><span style=\"font-size: 8pt;\">La alumna presentar\u00e1 su experiencia a partir de un Power Point.<\/span><\/p>\n<p style=\"padding-left: 30px;\"><span style=\"font-size: 8pt;\">T\u00edtulo: \u201c<strong>Tertulia, mate y Minu\u00e9\u201d.<\/strong><\/span><\/p>\n<p style=\"padding-left: 30px;\"><span style=\"font-size: 8pt;\"><strong>Alumna<span style=\"text-decoration: underline;\">:<\/span><\/strong> Pedrozo B\u00e1rbara.<\/span><\/p>\n<p style=\"padding-left: 30px;\"><span style=\"font-size: 8pt;\"><strong><span style=\"text-decoration: underline;\">Sala:<\/span><\/strong> Verde, 4 A\u00f1os.<\/span><\/p>\n<p style=\"padding-left: 30px;\"><span style=\"font-size: 8pt;\"><strong><span style=\"text-decoration: underline;\">Instituci\u00f3n:<\/span><\/strong> \u201cInstituto F\u00e9lix Fernando Bernasconi \u201c, J.I.C. N\u00b0 5 , D.E. N\u00b06.<\/span><\/p>\n<p style=\"padding-left: 30px;\"><span style=\"font-size: 8pt;\"><strong><em><span style=\"text-decoration: underline;\">TALLER 5<\/span><\/em><\/strong><strong>&#8211; Prof. Claudia Ram\u00edrez<\/strong><\/span><\/p>\n<p style=\"padding-left: 30px;\"><span style=\"font-size: 8pt;\">Una alumna contar\u00e1 el encuadre del Taller 5 y un Grupo compartir\u00e1 la experiencia a trav\u00e9s de un breve Power Point<\/span><\/p>\n<p style=\"padding-left: 30px;\"><span style=\"font-size: 8pt;\">\u00a0<\/span><\/p>\n<p style=\"padding-left: 30px;\"><span style=\"font-size: 8pt;\">T\u00edtulo:<strong> \u201cConocimiento del ambiente- El Teatro del Bernasconi\u201d<\/strong><\/span><\/p>\n<p style=\"padding-left: 30px;\"><span style=\"font-size: 8pt;\"><strong>Alumnas:<\/strong>Grupo Hakunamandalas<\/span><\/p>\n<p style=\"padding-left: 30px;\"><span style=\"font-size: 8pt;\"><strong>Sala:<\/strong> 3 a\u00f1os<\/span><\/p>\n<p style=\"padding-left: 30px;\"><span style=\"font-size: 8pt;\"><strong>Instituci\u00f3n:<\/strong>JII5-DE 6- Instituto Bernasconi<\/span><\/p>\n<p style=\"padding-left: 30px;\"><span style=\"font-size: 8pt;\">\u00a0<\/span><\/p>\n<p style=\"padding-left: 30px;\"><span style=\"font-size: 8pt;\">T\u00edtulo<strong>: \u201cAgitando n\u00fameros\u201d<\/strong><\/span><\/p>\n<p style=\"padding-left: 30px;\"><span style=\"font-size: 8pt;\"><strong><span style=\"text-decoration: underline;\">Alumnas: <\/span><\/strong>Grupo Agitando Risas<\/span><\/p>\n<p style=\"padding-left: 30px;\"><span style=\"font-size: 8pt;\"><strong><span style=\"text-decoration: underline;\">Sala:<\/span><\/strong> 4 a\u00f1os<\/span><\/p>\n<p style=\"padding-left: 30px;\"><span style=\"font-size: 8pt;\"><strong><span style=\"text-decoration: underline;\">Instituci\u00f3n: <\/span><\/strong>Jard\u00edn de la ENS 11<\/span><\/p>\n<p style=\"padding-left: 30px;\"><span style=\"font-size: 8pt;\"><strong><span style=\"text-decoration: underline;\">\u00a0<\/span><\/strong><\/span><\/p>\n<p style=\"padding-left: 30px;\"><span style=\"font-size: 8pt;\"><strong><em>TALLER 6- Prof. Jacky Curbelo<\/em><\/strong><\/span><\/p>\n<p style=\"padding-left: 30px;\"><span style=\"font-size: 8pt;\">Las alumnas presentar\u00e1n algunos ejes <em>(Comunicaci\u00f3n, Evaluaci\u00f3n, Planificaci\u00f3n, Carpeta Did\u00e1ctica y Asesoramiento) <\/em>del proceso de su trayectoria por el Taller 6 de Residencia a trav\u00e9s de la modalidad de AFICHE y punteo oral.<\/span><\/p>\n<p style=\"padding-left: 30px;\"><span style=\"font-size: 8pt;\">T\u00edtulo:<strong> \u201cResidencia en Historieta\u201d<\/strong><\/span><\/p>\n<p style=\"padding-left: 30px;\"><span style=\"font-size: 8pt;\"><strong>Alumnas:<\/strong>Pamela Irala y Nadia V\u00e1zquez<\/span><\/p>\n<p style=\"padding-left: 30px;\"><span style=\"font-size: 8pt;\"><strong>Instituci\u00f3n: <\/strong>EI 5 DE 4\u00ba<\/span><\/p>\n<p style=\"padding-left: 30px;\"><span style=\"font-size: 8pt;\">\u00a0<\/span><\/p>\n<p style=\"padding-left: 30px;\"><span style=\"font-size: 8pt;\"><strong><em>TALLER 6- Prof. Silvana Perez<\/em><\/strong><\/span><\/p>\n<p style=\"padding-left: 30px;\"><span style=\"font-size: 8pt;\">T\u00edtulo<strong>: \u201cAmbiente, ambiente\u2026me gust\u00f3 conocerte\u201d<\/strong><\/span><\/p>\n<p style=\"padding-left: 30px;\"><span style=\"font-size: 8pt;\"><strong>Alumnas:<\/strong> Celia Ch\u00e1vez, Romina Irumberry<\/span><\/p>\n<p style=\"padding-left: 30px;\"><span style=\"font-size: 8pt;\"><strong>Sala:<\/strong> Amarilla- Roja<\/span><\/p>\n<p style=\"padding-left: 30px;\"><span style=\"font-size: 8pt;\"><strong>Instituci\u00f3n: <\/strong>\u00a0JIN N\u00ba1 D.E 6 \u201cJos\u00e9 F. de San Martin\u201d<\/span><\/p>\n<p>&nbsp;<\/p>\n<p>Luego hubo una breve ronda de preguntas.<\/p>\n<p>Y un cierre en palabras de las profes&#8230;<\/p>\n<div>\n<p>&nbsp;<\/p>\n<\/div>\n<p><strong><em>ENS 11- Coordinadora Pr\u00e1cticas PEI-<\/em><\/strong><\/p>\n<p><strong><em>Jacky Curbelo<\/em><\/strong><\/p>\n","protected":false},"excerpt":{"rendered":"<p>5to. Encuentro: \u201cCOMPARTIENDO EXPERIENCIAS\u201d 1\u00b0 C &#8211; 2017 Organizaron: Coordinadora del Campo Pr\u00e1cticas PEI, Prof. Jacky Curbelo Marrocco\u00a0 y \u00a0Equipo de Profesoras del Campo. \u00a0 Y as\u00ed nuevamente el d\u00eda 27 de junio de 18.30 a 20.30, en el Aula 3, realizamos nuestro 5to.encuentro para compartir las experiencias de pr\u00e1ctica de alumnas. Fundamental para conocer &#8230; <a title=\"Compartiendo experiencias 2017\" class=\"read-more\" href=\"https:\/\/ens11-caba.infd.edu.ar\/sitio\/compartiendo-experiencias\/\" aria-label=\"More on Compartiendo experiencias 2017\">[+]<\/a><\/p>\n","protected":false},"author":1185,"featured_media":0,"parent":0,"menu_order":0,"comment_status":"closed","ping_status":"closed","template":"","meta":[],"acf":[],"_links":{"self":[{"href":"https:\/\/ens11-caba.infd.edu.ar\/sitio\/wp-json\/wp\/v2\/pages\/950"}],"collection":[{"href":"https:\/\/ens11-caba.infd.edu.ar\/sitio\/wp-json\/wp\/v2\/pages"}],"about":[{"href":"https:\/\/ens11-caba.infd.edu.ar\/sitio\/wp-json\/wp\/v2\/types\/page"}],"author":[{"embeddable":true,"href":"https:\/\/ens11-caba.infd.edu.ar\/sitio\/wp-json\/wp\/v2\/users\/1185"}],"replies":[{"embeddable":true,"href":"https:\/\/ens11-caba.infd.edu.ar\/sitio\/wp-json\/wp\/v2\/comments?post=950"}],"version-history":[{"count":2,"href":"https:\/\/ens11-caba.infd.edu.ar\/sitio\/wp-json\/wp\/v2\/pages\/950\/revisions"}],"predecessor-version":[{"id":979,"href":"https:\/\/ens11-caba.infd.edu.ar\/sitio\/wp-json\/wp\/v2\/pages\/950\/revisions\/979"}],"wp:attachment":[{"href":"https:\/\/ens11-caba.infd.edu.ar\/sitio\/wp-json\/wp\/v2\/media?parent=950"}],"curies":[{"name":"wp","href":"https:\/\/api.w.org\/{rel}","templated":true}]}}