{"id":1516,"date":"2025-10-09T15:19:05","date_gmt":"2025-10-09T18:19:05","guid":{"rendered":"https:\/\/ens11-caba.infd.edu.ar\/sitio\/?page_id=1516"},"modified":"2025-10-09T15:19:08","modified_gmt":"2025-10-09T18:19:08","slug":"inscripcion-2026","status":"publish","type":"page","link":"https:\/\/ens11-caba.infd.edu.ar\/sitio\/inscripcion-2026\/","title":{"rendered":"INSCRIPCION 2026"},"content":{"rendered":"\n<p>A partir del 29 de septiembre al 7 de noviembre de 2025<br>\u00bfQui\u00e9nes deben inscribirse?<br>Alumnos\/as que ingresan al jard\u00edn por primera vez o provenientes<br>de gesti\u00f3n privada, de otra provincia o pa\u00eds.<br><a href=\"https:\/\/buenosaires.gob.ar\/educacion\/estudiantes\/inscripciones\" target=\"_blank\" rel=\"noreferrer noopener\">https:\/\/buenosaires.gob.ar\/educacion\/estudiantes\/inscripciones<\/a><\/p>\n\n\n\n<p><\/p>\n","protected":false},"excerpt":{"rendered":"<p>A partir del 29 de septiembre al 7 de noviembre de 2025\u00bfQui\u00e9nes deben inscribirse?Alumnos\/as que ingresan al jard\u00edn por primera vez o provenientesde gesti\u00f3n privada, de otra provincia o pa\u00eds.https:\/\/buenosaires.gob.ar\/educacion\/estudiantes\/inscripciones<\/p>\n","protected":false},"author":1185,"featured_media":0,"parent":0,"menu_order":0,"comment_status":"closed","ping_status":"closed","template":"","meta":[],"acf":[],"_links":{"self":[{"href":"https:\/\/ens11-caba.infd.edu.ar\/sitio\/wp-json\/wp\/v2\/pages\/1516"}],"collection":[{"href":"https:\/\/ens11-caba.infd.edu.ar\/sitio\/wp-json\/wp\/v2\/pages"}],"about":[{"href":"https:\/\/ens11-caba.infd.edu.ar\/sitio\/wp-json\/wp\/v2\/types\/page"}],"author":[{"embeddable":true,"href":"https:\/\/ens11-caba.infd.edu.ar\/sitio\/wp-json\/wp\/v2\/users\/1185"}],"replies":[{"embeddable":true,"href":"https:\/\/ens11-caba.infd.edu.ar\/sitio\/wp-json\/wp\/v2\/comments?post=1516"}],"version-history":[{"count":2,"href":"https:\/\/ens11-caba.infd.edu.ar\/sitio\/wp-json\/wp\/v2\/pages\/1516\/revisions"}],"predecessor-version":[{"id":1521,"href":"https:\/\/ens11-caba.infd.edu.ar\/sitio\/wp-json\/wp\/v2\/pages\/1516\/revisions\/1521"}],"wp:attachment":[{"href":"https:\/\/ens11-caba.infd.edu.ar\/sitio\/wp-json\/wp\/v2\/media?parent=1516"}],"curies":[{"name":"wp","href":"https:\/\/api.w.org\/{rel}","templated":true}]}}