{"id":1511,"date":"2025-10-09T14:44:00","date_gmt":"2025-10-09T17:44:00","guid":{"rendered":"https:\/\/ens11-caba.infd.edu.ar\/sitio\/?page_id=1511"},"modified":"2025-10-09T14:44:01","modified_gmt":"2025-10-09T17:44:01","slug":"informacion-general","status":"publish","type":"page","link":"https:\/\/ens11-caba.infd.edu.ar\/sitio\/informacion-general\/","title":{"rendered":"INFORMACION GENERAL"},"content":{"rendered":"\n<p>El Nivel Inicial de la instituci\u00f3n desarrolla sus actividades en<br>Dean Funes 1831. Cuenta con una sala integrada de 2 y 3 a\u00f1os, en<br>el turno ma\u00f1ana y en el turno tarde una sala integrada de 4 y 5<br>a\u00f1os.<br>Es un jard\u00edn de jornada simple que funciona en los siguientes<br>horarios:<\/p>\n\n\n\n<ul>\n<li>Turno Ma\u00f1ana 8.45 hs. a 12 .00 hs.<\/li>\n\n\n\n<li>Turno Tarde 13.00 hs. a 16.15 hs.<\/li>\n<\/ul>\n\n\n\n<p>El personal docente est\u00e1 compuesto por maestra secretaria, dos<br>maestras de secci\u00f3n, dos maestras auxiliares y dos profesores<br>de materias especiales: Educaci\u00f3n F\u00edsica y Educaci\u00f3n Musical.<br>La sala cuenta con variado material did\u00e1ctico, recursos<br>tecnol\u00f3gicos y acceso a internet.<br>Tambi\u00e9n, el nivel inicial dispone de un patio de uso exclusivo y<br>dos patios de uso compartido.<br>CONTACTO:<\/p>\n\n\n\n<ul>\n<li>Tel\u00e9fono:\u00a04943-5057<\/li>\n\n\n\n<li>Mail:\u00a0ens11.nidirecccion@bue.edu.ar<\/li>\n<\/ul>\n\n\n\n<p><strong>IMPORTANTE:<\/strong> Hay vacantes para las salas integradas: 2 y 3<br>a\u00f1os turno ma\u00f1ana, 4 y 5 a\u00f1os turno tarde.<\/p>\n","protected":false},"excerpt":{"rendered":"<p>El Nivel Inicial de la instituci\u00f3n desarrolla sus actividades enDean Funes 1831. Cuenta con una sala integrada de 2 y 3 a\u00f1os, enel turno ma\u00f1ana y en el turno tarde una sala integrada de 4 y 5a\u00f1os.Es un jard\u00edn de jornada simple que funciona en los siguienteshorarios: El personal docente est\u00e1 compuesto por maestra secretaria, &#8230; <a title=\"INFORMACION GENERAL\" class=\"read-more\" href=\"https:\/\/ens11-caba.infd.edu.ar\/sitio\/informacion-general\/\" aria-label=\"More on INFORMACION GENERAL\">[+]<\/a><\/p>\n","protected":false},"author":1185,"featured_media":0,"parent":0,"menu_order":0,"comment_status":"closed","ping_status":"closed","template":"","meta":[],"acf":[],"_links":{"self":[{"href":"https:\/\/ens11-caba.infd.edu.ar\/sitio\/wp-json\/wp\/v2\/pages\/1511"}],"collection":[{"href":"https:\/\/ens11-caba.infd.edu.ar\/sitio\/wp-json\/wp\/v2\/pages"}],"about":[{"href":"https:\/\/ens11-caba.infd.edu.ar\/sitio\/wp-json\/wp\/v2\/types\/page"}],"author":[{"embeddable":true,"href":"https:\/\/ens11-caba.infd.edu.ar\/sitio\/wp-json\/wp\/v2\/users\/1185"}],"replies":[{"embeddable":true,"href":"https:\/\/ens11-caba.infd.edu.ar\/sitio\/wp-json\/wp\/v2\/comments?post=1511"}],"version-history":[{"count":2,"href":"https:\/\/ens11-caba.infd.edu.ar\/sitio\/wp-json\/wp\/v2\/pages\/1511\/revisions"}],"predecessor-version":[{"id":1513,"href":"https:\/\/ens11-caba.infd.edu.ar\/sitio\/wp-json\/wp\/v2\/pages\/1511\/revisions\/1513"}],"wp:attachment":[{"href":"https:\/\/ens11-caba.infd.edu.ar\/sitio\/wp-json\/wp\/v2\/media?parent=1511"}],"curies":[{"name":"wp","href":"https:\/\/api.w.org\/{rel}","templated":true}]}}